 - 648. Calculate the highest common divisor of 171 and p.
9
Suppose 2342 = 10*d + 662. Let p = 107 + d. Calculate the highest common factor of 11 and p.
11
Suppose 7 - 21 = -2*b + 3*g, -3*g + 16 = b. Calculate the highest common divisor of 23710 and b.
10
Suppose 37856 - 7356 = -5*m. Let u be 8/(-14) - m/140. What is the highest common divisor of 473 and u?
43
Let x = -1362 + 3276. What is the highest common factor of 66 and x?
66
Suppose 3*d = 2 + 25. Let x(j) = j. Let y be x(3). Let c be 299/y + 8/(-12). What is the greatest common divisor of d and c?
9
Let y be (-12159)/(-386) - 5/(-2). Calculate the greatest common divisor of y and 3638.
34
Suppose -4*n + 2797 = 2565. Let z(s) = -s**2 - s + 47. Let d be z(0). Let u = n - d. Calculate the highest common divisor of u and 33.
11
Suppose 168 - 3699 - 753 = -21*o. Calculate the greatest common divisor of 14892 and o.
204
Let l(m) = m + 10. Let a be l(-8). Let f be 2*(a - (3 + -2)). Suppose 7*u - f*u - 20 = 0, -3*p + 5*u + 190 = 0. What is the highest common divisor of 14 and p?
14
Suppose -5*j + 31 = z, -z + 4*j = -0*z + 14. Let d(k) = 2*k**3 + 29*k**2 - 10*k - 42. Let n be d(-14). What is the highest common divisor of n and z?
6
Let x(v) = -11*v + 679. Let w be x(61). Suppose 5*h + 3*l - 45 = -2*l, 0 = 4*h - 5*l - 27. Calculate the highest common factor of w and h.
8
Let t be (-11)/((-330)/26904) - (-9)/45. What is the greatest common factor of t and 276?
69
Let f be (-34)/(-12)*(-3 - -15). Let t(s) = -s**3 + 18. Let l be t(0). Let v be ((-9)/l)/(1/(-34)). Calculate the highest common factor of v and f.
17
Let y(q) = 3*q**3 - 14*q**2 + 18*q - 21. Let w be y(7). What is the highest common divisor of w and 476?
28
Suppose p - 84*p + 5*p = -63180. Calculate the highest common factor of 30 and p.
30
Let k = 27 + 3. Let p be ((-10)/k + 2)*39. Calculate the highest common divisor of p and 1040.
65
Suppose 85 + 267 = 11*i. Suppose h = 4*t + i, -4*h - 14*t + 128 = -15*t. Calculate the highest common divisor of h and 40.
8
Let q(k) = 23*k**2 + 118*k - 887. Let t be q(8). What is the highest common factor of t and 33?
11
Suppose -q - 5*x = -22, -5*q - 3*x + 20 = -24. Let w = q - 2. Suppose w*k - 599 + 99 = 0. What is the highest common divisor of 40 and k?
20
Suppose 27*i = 32*i - 40. Suppose i*l = 18*l - 240. Calculate the highest common factor of 40 and l.
8
Suppose -49*p = 36*p - 13600. Calculate the greatest common factor of p and 304.
16
Let g = 927 + -223. Let t = 1697 - 1686. What is the greatest common divisor of t and g?
11
Suppose -2*v + 57 - 9 = 0. Let c(y) = y + 20. Let h be c(-17). Let n be 1 + 2/h + 7/21. Calculate the highest common factor of n and v.
2
Let h(g) = 9*g**3 + 19*g**2 - 74*g + 6. Let w be h(4). Calculate the highest common divisor of w and 10.
10
Suppose -6*j + 0*j = -510. Let x = 111 - j. Calculate the highest common divisor of x and 234.
26
Suppose -7*b + 348 = -3*b. Suppose 3*c = -j + 465 + 252, -2*c = -14. What is the greatest common factor of b and j?
87
Let y(n) = -4*n**3 + 201*n**2 - 50*n + 16. Let q be y(50). Let u = 3 - -2. Suppose -2*j - 72 = -u*j. What is the highest common divisor of q and j?
8
Let j(i) = 4*i**2 + 138*i + 50. Let d be j(-37). Calculate the highest common divisor of 60 and d.
60
Let m = 2235 - 2220. What is the highest common divisor of 160 and m?
5
Let w(o) = -45*o + 653. Let l be w(14). What is the greatest common divisor of l and 575?
23
Let k(s) = 14*s - 5. Let c(y) = 42*y - 16. Let b(l) = -6*c(l) + 20*k(l). Let p be b(4). Suppose -5*v = v - p. Calculate the greatest common divisor of 45 and v.
9
Suppose 4 = 5*d + 5*l - 6, -4*d + l = -18. Suppose -183 = -5*u + d*n, -7 - 137 = -4*u + 4*n. Let c = 71 - u. Calculate the highest common factor of c and 48.
16
Suppose -v + 5*w + 1596 + 3063 = 0, 24 = 4*w. What is the highest common divisor of 36 and v?
9
Suppose 5*g = w + 232, 2*g - 2*w + 5*w = 103. Let d = 63 - g. Let n be (-2)/(-6) + 575/75. Calculate the greatest common divisor of n and d.
8
Let r be 1/(231/(-595) + (-14)/(-35)). What is the greatest common factor of 205 and r?
5
Suppose -43*i + 7*i = -174276. What is the greatest common divisor of i and 103?
103
Let h = -1439 - -1619. Calculate the highest common divisor of 36 and h.
36
Let q = -18 - -49. Let z(m) = m**3 + 12*m**2 - 6*m - 12. Let k be z(-14). Let x = -258 - k. Calculate the highest common factor of q and x.
31
Let r be 407/3 + 1 + (-944)/1416. What is the highest common factor of r and 6664?
136
Let y be (-16936)/(-64) + 27/48*(-8)/(-12). Calculate the greatest common divisor of 530 and y.
265
Suppose 0 = -106*q + 103*q + 969. Let k = -318 + q. What is the highest common factor of 65 and k?
5
Suppose 0 = 2*x - 7*x + 2890. Suppose 0 = -15*a + 20*a - 2*d - 148, 121 = 11*d. What is the highest common factor of x and a?
34
Let g be (-3*2/4)/((23 - -7)/(-162120)). Calculate the highest common factor of 42 and g.
42
Suppose -3*s = -18*z - 25785, -3*z + 94 - 121 = 0. Calculate the greatest common factor of s and 156.
39
Let y = -71 - -510. Suppose 2116 = 5*n - y. What is the highest common factor of 73 and n?
73
Let m be ((-13184)/(-6))/(-4) - 1/(-3). Let z = m - -779. Suppose 6*a - 130 - z = 0. Calculate the highest common factor of 150 and a.
30
Let n(x) = -5*x**2 - 5*x + 255. Let f be n(0). Calculate the highest common divisor of f and 3180.
15
Suppose -5*n + 1607 = 5*l - 753, n = 2*l + 460. Let d = 568 - n. What is the greatest common factor of d and 20?
20
Let i(k) = -810*k + 8937. Let d be i(11). Calculate the highest common factor of 1368 and d.
9
Let s = -37 - -572. Let w = 605 - s. What is the greatest common factor of w and 665?
35
Let d(r) be the second derivative of r**5/20 + 7*r**4/12 - 17*r**3/6 - 7*r**2/2 + 159*r. Let v be d(-8). Calculate the greatest common factor of 104 and v.
13
Suppose 7*u + 1228 = 6828. What is the highest common divisor of 100 and u?
100
Suppose -y + 3*y = -2*c, -2*y = c + 4. Let v = -45 + 48. Suppose 38 = u + 5*x, -v*x = c*u + x - 120. What is the greatest common factor of u and 14?
14
Suppose 11*z - 9*z + 2*k - 222 = 0, z - 2*k - 105 = 0. What is the highest common factor of 7630 and z?
109
Let j(k) = -k**3 + 2*k**2 - k - 18. Let a be j(0). Let u(l) = -25*l + 5. Let w be u(a). Calculate the highest common factor of 65 and w.
65
Let q(l) = -6*l - 96. Let z be q(-20). Suppose -4*u + 19516 = z*u. What is the highest common divisor of 17 and u?
17
Suppose 24 = p - 0*o + 4*o, 2*p = -2*o + 18. Suppose -p*q + 22 + 66 = 0. Suppose -8*l = -q - 130. Calculate the greatest common divisor of l and 209.
19
Let y(g) = 182*g - 16726. Let q be y(92). Let u = 69 + 57. What is the greatest common divisor of q and u?
18
Let u = 8707 - 8659. What is the highest common factor of 8992 and u?
16
Let s = -2586 - -2616. Let n = 12 - 8. What is the highest common divisor of s and n?
2
Suppose -5*l + 153 - 33 = 0. Let c be 14687/342 - -17 - 5/(-90). Calculate the highest common divisor of c and l.
12
Suppose 3*l = 4*l + 2*g - 1435, -3*g = -3*l + 4332. Let s(f) = -3*f**3 + 26*f**2 + 195*f + 281. Let p be s(-3). What is the greatest common divisor of p and l?
11
Let p be ((-4)/18)/((-15)/270). Suppose -4*n - p*h = -592, -3*n - 2*h = -h - 452. Let d be 114/4*(-6)/(-9). What is the greatest common factor of d and n?
19
Suppose -396*f + 10898 + 20782 = 0. What is the highest common factor of 11960 and f?
40
Let t(y) = 75*y - 1110. Let a be t(15). Calculate the highest common divisor of 6495 and a.
15
Let k(j) be the second derivative of -j**4/6 - 46*j**3/3 - 57*j**2/2 + 2*j - 43. Let i be k(-45). Calculate the highest common factor of i and 99.
33
Let x = 16 + -9. Suppose -9*w - 335 = 205. Let p be ((-1155)/w)/((-1)/(-4)). Calculate the greatest common divisor of p and x.
7
Let a = 174 + -78. Let g = -489 + 508. Suppose 62 = 5*n - 2*x, -g*n + 15*n - 5*x = -43. Calculate the greatest common factor of n and a.
12
Suppose 183*x = 187*x - q - 96240, 0 = 4*x - 3*q - 96240. What is the highest common divisor of 60 and x?
60
Let r(d) = -3*d**3 + 13*d - 6. Let n be r(-7). Let i = n + -287. Suppose -405 - i = -6*g. Calculate the greatest common divisor of 25 and g.
25
Suppose 19871 = 37*b - 13091 - 486. Let q = 29 + -21. What is the greatest common factor of b and q?
8
Let p be -2